{"id":372,"date":"2025-10-25T16:42:45","date_gmt":"2025-10-25T16:42:45","guid":{"rendered":"https:\/\/hdindutronik.com\/?page_id=372"},"modified":"2025-10-27T09:33:00","modified_gmt":"2025-10-27T09:33:00","slug":"popravka-i-odrzavanje-automatike","status":"publish","type":"page","link":"https:\/\/hdindutronik.com\/eng\/popravka-i-odrzavanje-automatike\/","title":{"rendered":"Contact"},"content":{"rendered":"<div data-elementor-type=\"wp-page\" data-elementor-id=\"372\" class=\"elementor elementor-372\">\n\t\t\t\t\t\t<section class=\"elementor-section elementor-top-section elementor-element elementor-element-6a2a648 elementor-section-height-min-height elementor-section-boxed elementor-section-height-default elementor-section-items-middle\" data-id=\"6a2a648\" data-element_type=\"section\" data-e-type=\"section\" data-settings=\"{&quot;background_background&quot;:&quot;classic&quot;}\">\n\t\t\t\t\t\t\t<div class=\"elementor-background-overlay\"><\/div>\n\t\t\t\t\t\t\t<div class=\"elementor-container elementor-column-gap-default\">\n\t\t\t\t\t<div class=\"elementor-column elementor-col-100 elementor-top-column elementor-element elementor-element-b16a61b\" data-id=\"b16a61b\" data-element_type=\"column\" data-e-type=\"column\">\n\t\t\t<div class=\"elementor-widget-wrap elementor-element-populated\">\n\t\t\t\t\t\t<div class=\"elementor-element elementor-element-8449b2b elementor-invisible elementor-widget elementor-widget-heading\" data-id=\"8449b2b\" data-element_type=\"widget\" data-e-type=\"widget\" data-settings=\"{&quot;_animation&quot;:&quot;fadeInDown&quot;}\" data-widget_type=\"heading.default\">\n\t\t\t\t\t<h4 class=\"elementor-heading-title elementor-size-default\">Contact<\/h4>\t\t\t\t<\/div>\n\t\t\t\t\t<\/div>\n\t\t<\/div>\n\t\t\t\t\t<\/div>\n\t\t<\/section>\n\t\t\t\t<section class=\"elementor-section elementor-top-section elementor-element elementor-element-81ac4ab elementor-section-boxed elementor-section-height-default elementor-section-height-default\" data-id=\"81ac4ab\" data-element_type=\"section\" data-e-type=\"section\">\n\t\t\t\t\t\t<div class=\"elementor-container elementor-column-gap-default\">\n\t\t\t\t\t<div class=\"elementor-column elementor-col-100 elementor-top-column elementor-element elementor-element-f1a8239\" data-id=\"f1a8239\" data-element_type=\"column\" data-e-type=\"column\">\n\t\t\t<div class=\"elementor-widget-wrap elementor-element-populated\">\n\t\t\t\t\t\t<section class=\"elementor-section elementor-inner-section elementor-element elementor-element-2389551 elementor-section-full_width elementor-section-height-default elementor-section-height-default\" data-id=\"2389551\" data-element_type=\"section\" data-e-type=\"section\">\n\t\t\t\t\t\t<div class=\"elementor-container elementor-column-gap-default\">\n\t\t\t\t\t<div class=\"elementor-column elementor-col-33 elementor-inner-column elementor-element elementor-element-95181e4 envato-kit-53-hvr-float-shadow\" data-id=\"95181e4\" data-element_type=\"column\" data-e-type=\"column\" data-settings=\"{&quot;background_background&quot;:&quot;classic&quot;}\">\n\t\t\t<div class=\"elementor-widget-wrap elementor-element-populated\">\n\t\t\t\t\t\t<div class=\"elementor-element elementor-element-287eab3 elementor-view-default elementor-position-block-start elementor-mobile-position-block-start elementor-widget elementor-widget-icon-box\" data-id=\"287eab3\" data-element_type=\"widget\" data-e-type=\"widget\" data-widget_type=\"icon-box.default\">\n\t\t\t\t\t\t\t<div class=\"elementor-icon-box-wrapper\">\n\n\t\t\t\t\t\t<div class=\"elementor-icon-box-icon\">\n\t\t\t\t<a href=\"tel:+381%2060%20183%2033%2030\" class=\"elementor-icon elementor-animation-grow\" tabindex=\"-1\" aria-label=\"Phone\">\n\t\t\t\t<svg aria-hidden=\"true\" class=\"e-font-icon-svg e-fas-mobile-alt\" viewbox=\"0 0 320 512\" xmlns=\"http:\/\/www.w3.org\/2000\/svg\"><path d=\"M272 0H48C21.5 0 0 21.5 0 48v416c0 26.5 21.5 48 48 48h224c26.5 0 48-21.5 48-48V48c0-26.5-21.5-48-48-48zM160 480c-17.7 0-32-14.3-32-32s14.3-32 32-32 32 14.3 32 32-14.3 32-32 32zm112-108c0 6.6-5.4 12-12 12H60c-6.6 0-12-5.4-12-12V60c0-6.6 5.4-12 12-12h200c6.6 0 12 5.4 12 12v312z\"><\/path><\/svg>\t\t\t\t<\/a>\n\t\t\t<\/div>\n\t\t\t\n\t\t\t\t\t\t<div class=\"elementor-icon-box-content\">\n\n\t\t\t\t\t\t\t\t\t<h3 class=\"elementor-icon-box-title\">\n\t\t\t\t\t\t<a href=\"tel:+381%2060%20183%2033%2030\" >\n\t\t\t\t\t\t\tPhone\t\t\t\t\t\t<\/a>\n\t\t\t\t\t<\/h3>\n\t\t\t\t\n\t\t\t\t\t\t\t\t\t<p class=\"elementor-icon-box-description\">\n\t\t\t\t\t\t+381 63 750 21 80\t\t\t\t\t<\/p>\n\t\t\t\t\n\t\t\t<\/div>\n\t\t\t\n\t\t<\/div>\n\t\t\t\t\t\t<\/div>\n\t\t\t\t\t<\/div>\n\t\t<\/div>\n\t\t\t\t<div class=\"elementor-column elementor-col-33 elementor-inner-column elementor-element elementor-element-8bc6023 envato-kit-53-hvr-float-shadow\" data-id=\"8bc6023\" data-element_type=\"column\" data-e-type=\"column\" data-settings=\"{&quot;background_background&quot;:&quot;classic&quot;}\">\n\t\t\t<div class=\"elementor-widget-wrap elementor-element-populated\">\n\t\t\t\t\t\t<div class=\"elementor-element elementor-element-4033ab6 elementor-view-default elementor-position-block-start elementor-mobile-position-block-start elementor-widget elementor-widget-icon-box\" data-id=\"4033ab6\" data-element_type=\"widget\" data-e-type=\"widget\" data-widget_type=\"icon-box.default\">\n\t\t\t\t\t\t\t<div class=\"elementor-icon-box-wrapper\">\n\n\t\t\t\t\t\t<div class=\"elementor-icon-box-icon\">\n\t\t\t\t<span  class=\"elementor-icon elementor-animation-grow\">\n\t\t\t\t<svg aria-hidden=\"true\" class=\"e-font-icon-svg e-fas-map-signs\" viewbox=\"0 0 512 512\" xmlns=\"http:\/\/www.w3.org\/2000\/svg\"><path d=\"M507.31 84.69L464 41.37c-6-6-14.14-9.37-22.63-9.37H288V16c0-8.84-7.16-16-16-16h-32c-8.84 0-16 7.16-16 16v16H56c-13.25 0-24 10.75-24 24v80c0 13.25 10.75 24 24 24h385.37c8.49 0 16.62-3.37 22.63-9.37l43.31-43.31c6.25-6.26 6.25-16.38 0-22.63zM224 496c0 8.84 7.16 16 16 16h32c8.84 0 16-7.16 16-16V384h-64v112zm232-272H288v-32h-64v32H70.63c-8.49 0-16.62 3.37-22.63 9.37L4.69 276.69c-6.25 6.25-6.25 16.38 0 22.63L48 342.63c6 6 14.14 9.37 22.63 9.37H456c13.25 0 24-10.75 24-24v-80c0-13.25-10.75-24-24-24z\"><\/path><\/svg>\t\t\t\t<\/span>\n\t\t\t<\/div>\n\t\t\t\n\t\t\t\t\t\t<div class=\"elementor-icon-box-content\">\n\n\t\t\t\t\t\t\t\t\t<h3 class=\"elementor-icon-box-title\">\n\t\t\t\t\t\t<span  >\n\t\t\t\t\t\t\tAddress\t\t\t\t\t\t<\/span>\n\t\t\t\t\t<\/h3>\n\t\t\t\t\n\t\t\t\t\t\t\t\t\t<p class=\"elementor-icon-box-description\">\n\t\t\t\t\t\tPAZOVA\u010cKA 98, 22308 Golubinci\t\t\t\t\t<\/p>\n\t\t\t\t\n\t\t\t<\/div>\n\t\t\t\n\t\t<\/div>\n\t\t\t\t\t\t<\/div>\n\t\t\t\t\t<\/div>\n\t\t<\/div>\n\t\t\t\t<div class=\"elementor-column elementor-col-33 elementor-inner-column elementor-element elementor-element-3e4463e envato-kit-53-hvr-float-shadow\" data-id=\"3e4463e\" data-element_type=\"column\" data-e-type=\"column\" data-settings=\"{&quot;background_background&quot;:&quot;classic&quot;}\">\n\t\t\t<div class=\"elementor-widget-wrap elementor-element-populated\">\n\t\t\t\t\t\t<div class=\"elementor-element elementor-element-5b429c4 elementor-view-default elementor-position-block-start elementor-mobile-position-block-start elementor-widget elementor-widget-icon-box\" data-id=\"5b429c4\" data-element_type=\"widget\" data-e-type=\"widget\" data-widget_type=\"icon-box.default\">\n\t\t\t\t\t\t\t<div class=\"elementor-icon-box-wrapper\">\n\n\t\t\t\t\t\t<div class=\"elementor-icon-box-icon\">\n\t\t\t\t<a href=\"http:\/\/alfaputbg@gmail.com\" class=\"elementor-icon elementor-animation-grow\" tabindex=\"-1\" aria-label=\"E-Mail\">\n\t\t\t\t<svg aria-hidden=\"true\" class=\"e-font-icon-svg e-far-envelope\" viewbox=\"0 0 512 512\" xmlns=\"http:\/\/www.w3.org\/2000\/svg\"><path d=\"M464 64H48C21.49 64 0 85.49 0 112v288c0 26.51 21.49 48 48 48h416c26.51 0 48-21.49 48-48V112c0-26.51-21.49-48-48-48zm0 48v40.805c-22.422 18.259-58.168 46.651-134.587 106.49-16.841 13.247-50.201 45.072-73.413 44.701-23.208.375-56.579-31.459-73.413-44.701C106.18 199.465 70.425 171.067 48 152.805V112h416zM48 400V214.398c22.914 18.251 55.409 43.862 104.938 82.646 21.857 17.205 60.134 55.186 103.062 54.955 42.717.231 80.509-37.199 103.053-54.947 49.528-38.783 82.032-64.401 104.947-82.653V400H48z\"><\/path><\/svg>\t\t\t\t<\/a>\n\t\t\t<\/div>\n\t\t\t\n\t\t\t\t\t\t<div class=\"elementor-icon-box-content\">\n\n\t\t\t\t\t\t\t\t\t<h3 class=\"elementor-icon-box-title\">\n\t\t\t\t\t\t<a href=\"http:\/\/alfaputbg@gmail.com\" >\n\t\t\t\t\t\t\tE-Mail\t\t\t\t\t\t<\/a>\n\t\t\t\t\t<\/h3>\n\t\t\t\t\n\t\t\t\t\t\t\t\t\t<p class=\"elementor-icon-box-description\">\n\t\t\t\t\t\thdindutronic@gmail.com\t\t\t\t\t<\/p>\n\t\t\t\t\n\t\t\t<\/div>\n\t\t\t\n\t\t<\/div>\n\t\t\t\t\t\t<\/div>\n\t\t\t\t\t<\/div>\n\t\t<\/div>\n\t\t\t\t\t<\/div>\n\t\t<\/section>\n\t\t\t\t\t<\/div>\n\t\t<\/div>\n\t\t\t\t\t<\/div>\n\t\t<\/section>\n\t\t\t\t<section class=\"elementor-section elementor-top-section elementor-element elementor-element-e8446ae elementor-section-full_width elementor-section-content-middle elementor-section-height-default elementor-section-height-default\" data-id=\"e8446ae\" data-element_type=\"section\" data-e-type=\"section\">\n\t\t\t\t\t\t<div class=\"elementor-container elementor-column-gap-no\">\n\t\t\t\t\t<div class=\"elementor-column elementor-col-100 elementor-top-column elementor-element elementor-element-587fcc8\" data-id=\"587fcc8\" data-element_type=\"column\" data-e-type=\"column\">\n\t\t\t<div class=\"elementor-widget-wrap elementor-element-populated\">\n\t\t\t\t\t\t<div class=\"elementor-element elementor-element-1b3f0f5 elementor-widget elementor-widget-google_maps\" data-id=\"1b3f0f5\" data-element_type=\"widget\" data-e-type=\"widget\" data-widget_type=\"google_maps.default\">\n\t\t\t\t\t\t\t<div class=\"elementor-custom-embed\">\n\t\t\t<iframe loading=\"lazy\"\n\t\t\t\t\tsrc=\"https:\/\/maps.google.com\/maps?q=PAZOVA%C4%8CKA%2098%2C%2022308%20Golubinci&#038;t=m&#038;z=17&#038;output=embed&#038;iwloc=near\"\n\t\t\t\t\ttitle=\"PAZOVA\u010cKA 98, 22308 Golubinci\"\n\t\t\t\t\taria-label=\"PAZOVA\u010cKA 98, 22308 Golubinci\"\n\t\t\t><\/iframe>\n\t\t<\/div>\n\t\t\t\t\t\t<\/div>\n\t\t\t\t\t<\/div>\n\t\t<\/div>\n\t\t\t\t\t<\/div>\n\t\t<\/section>\n\t\t\t\t<\/div>","protected":false},"excerpt":{"rendered":"<p>Kontakt Telefon +381 63 750 21 80 Adresa PAZOVA\u010cKA 98, 22308 Golubinci E-Mail hdindutronic@gmail.com<\/p>","protected":false},"author":1,"featured_media":389,"parent":0,"menu_order":0,"comment_status":"closed","ping_status":"closed","template":"elementor_header_footer","meta":{"footnotes":""},"class_list":["post-372","page","type-page","status-publish","has-post-thumbnail","hentry","entry","has-media"],"yoast_head":"<!-- This site is optimized with the Yoast SEO plugin v27.4 - https:\/\/yoast.com\/product\/yoast-seo-wordpress\/ -->\n<title>Popravka i odr\u017eavanje automatike Kontakt - HD INDUTRONIK<\/title>\n<meta name=\"description\" content=\"Popravka i odr\u017eavanje automatike Stara Pazova, Obezbe\u0111ujemo dijagnostiku, servis i zamenu komponenti za sve vrste automatizovanih sistema...\" \/>\n<meta name=\"robots\" content=\"index, follow, max-snippet:-1, max-image-preview:large, max-video-preview:-1\" \/>\n<link rel=\"canonical\" href=\"https:\/\/hdindutronik.com\/eng\/popravka-i-odrzavanje-automatike\/\" \/>\n<meta property=\"og:locale\" content=\"en_US\" \/>\n<meta property=\"og:type\" content=\"article\" \/>\n<meta property=\"og:title\" content=\"Popravka i odr\u017eavanje automatike Kontakt - HD INDUTRONIK\" \/>\n<meta property=\"og:description\" content=\"Popravka i odr\u017eavanje automatike Stara Pazova, Obezbe\u0111ujemo dijagnostiku, servis i zamenu komponenti za sve vrste automatizovanih sistema...\" \/>\n<meta property=\"og:url\" content=\"https:\/\/hdindutronik.com\/eng\/popravka-i-odrzavanje-automatike\/\" \/>\n<meta property=\"og:site_name\" content=\"HD INDUTRONIK\" \/>\n<meta property=\"article:modified_time\" content=\"2025-10-27T09:33:00+00:00\" \/>\n<meta property=\"og:image\" content=\"https:\/\/hdindutronik.com\/wp-content\/uploads\/2025\/10\/pexels-pixabay-163073.jpg\" \/>\n\t<meta property=\"og:image:width\" content=\"1920\" \/>\n\t<meta property=\"og:image:height\" content=\"1275\" \/>\n\t<meta property=\"og:image:type\" content=\"image\/jpeg\" \/>\n<meta name=\"twitter:card\" content=\"summary_large_image\" \/>\n<meta name=\"twitter:label1\" content=\"Est. reading time\" \/>\n\t<meta name=\"twitter:data1\" content=\"1 minute\" \/>\n<script type=\"application\/ld+json\" class=\"yoast-schema-graph\">{\"@context\":\"https:\\\/\\\/schema.org\",\"@graph\":[{\"@type\":\"WebPage\",\"@id\":\"https:\\\/\\\/hdindutronik.com\\\/popravka-i-odrzavanje-automatike\\\/\",\"url\":\"https:\\\/\\\/hdindutronik.com\\\/popravka-i-odrzavanje-automatike\\\/\",\"name\":\"Popravka i odr\u017eavanje automatike Kontakt - HD INDUTRONIK\",\"isPartOf\":{\"@id\":\"https:\\\/\\\/hdindutronik.com\\\/#website\"},\"primaryImageOfPage\":{\"@id\":\"https:\\\/\\\/hdindutronik.com\\\/popravka-i-odrzavanje-automatike\\\/#primaryimage\"},\"image\":{\"@id\":\"https:\\\/\\\/hdindutronik.com\\\/popravka-i-odrzavanje-automatike\\\/#primaryimage\"},\"thumbnailUrl\":\"https:\\\/\\\/hdindutronik.com\\\/wp-content\\\/uploads\\\/2025\\\/10\\\/pexels-pixabay-163073.jpg\",\"datePublished\":\"2025-10-25T16:42:45+00:00\",\"dateModified\":\"2025-10-27T09:33:00+00:00\",\"description\":\"Popravka i odr\u017eavanje automatike Stara Pazova, Obezbe\u0111ujemo dijagnostiku, servis i zamenu komponenti za sve vrste automatizovanih sistema...\",\"breadcrumb\":{\"@id\":\"https:\\\/\\\/hdindutronik.com\\\/popravka-i-odrzavanje-automatike\\\/#breadcrumb\"},\"inLanguage\":\"en-US\",\"potentialAction\":[{\"@type\":\"ReadAction\",\"target\":[\"https:\\\/\\\/hdindutronik.com\\\/popravka-i-odrzavanje-automatike\\\/\"]}]},{\"@type\":\"ImageObject\",\"inLanguage\":\"en-US\",\"@id\":\"https:\\\/\\\/hdindutronik.com\\\/popravka-i-odrzavanje-automatike\\\/#primaryimage\",\"url\":\"https:\\\/\\\/hdindutronik.com\\\/wp-content\\\/uploads\\\/2025\\\/10\\\/pexels-pixabay-163073.jpg\",\"contentUrl\":\"https:\\\/\\\/hdindutronik.com\\\/wp-content\\\/uploads\\\/2025\\\/10\\\/pexels-pixabay-163073.jpg\",\"width\":1920,\"height\":1275,\"caption\":\"Popravka i odr\u017eavanje automatike\"},{\"@type\":\"BreadcrumbList\",\"@id\":\"https:\\\/\\\/hdindutronik.com\\\/popravka-i-odrzavanje-automatike\\\/#breadcrumb\",\"itemListElement\":[{\"@type\":\"ListItem\",\"position\":1,\"name\":\"Home\",\"item\":\"https:\\\/\\\/hdindutronik.com\\\/\"},{\"@type\":\"ListItem\",\"position\":2,\"name\":\"Kontakt\"}]},{\"@type\":\"WebSite\",\"@id\":\"https:\\\/\\\/hdindutronik.com\\\/#website\",\"url\":\"https:\\\/\\\/hdindutronik.com\\\/\",\"name\":\"HD INDUTRONIK\",\"description\":\"\",\"potentialAction\":[{\"@type\":\"SearchAction\",\"target\":{\"@type\":\"EntryPoint\",\"urlTemplate\":\"https:\\\/\\\/hdindutronik.com\\\/?s={search_term_string}\"},\"query-input\":{\"@type\":\"PropertyValueSpecification\",\"valueRequired\":true,\"valueName\":\"search_term_string\"}}],\"inLanguage\":\"en-US\"}]}<\/script>\n<!-- \/ Yoast SEO plugin. -->","yoast_head_json":{"title":"Popravka i odr\u017eavanje automatike Kontakt - HD INDUTRONIK","description":"Popravka i odr\u017eavanje automatike Stara Pazova, Obezbe\u0111ujemo dijagnostiku, servis i zamenu komponenti za sve vrste automatizovanih sistema...","robots":{"index":"index","follow":"follow","max-snippet":"max-snippet:-1","max-image-preview":"max-image-preview:large","max-video-preview":"max-video-preview:-1"},"canonical":"https:\/\/hdindutronik.com\/eng\/popravka-i-odrzavanje-automatike\/","og_locale":"en_US","og_type":"article","og_title":"Popravka i odr\u017eavanje automatike Kontakt - HD INDUTRONIK","og_description":"Popravka i odr\u017eavanje automatike Stara Pazova, Obezbe\u0111ujemo dijagnostiku, servis i zamenu komponenti za sve vrste automatizovanih sistema...","og_url":"https:\/\/hdindutronik.com\/eng\/popravka-i-odrzavanje-automatike\/","og_site_name":"HD INDUTRONIK","article_modified_time":"2025-10-27T09:33:00+00:00","og_image":[{"width":1920,"height":1275,"url":"https:\/\/hdindutronik.com\/wp-content\/uploads\/2025\/10\/pexels-pixabay-163073.jpg","type":"image\/jpeg"}],"twitter_card":"summary_large_image","twitter_misc":{"Est. reading time":"1 minute"},"schema":{"@context":"https:\/\/schema.org","@graph":[{"@type":"WebPage","@id":"https:\/\/hdindutronik.com\/popravka-i-odrzavanje-automatike\/","url":"https:\/\/hdindutronik.com\/popravka-i-odrzavanje-automatike\/","name":"Popravka i odr\u017eavanje automatike Kontakt - HD INDUTRONIK","isPartOf":{"@id":"https:\/\/hdindutronik.com\/#website"},"primaryImageOfPage":{"@id":"https:\/\/hdindutronik.com\/popravka-i-odrzavanje-automatike\/#primaryimage"},"image":{"@id":"https:\/\/hdindutronik.com\/popravka-i-odrzavanje-automatike\/#primaryimage"},"thumbnailUrl":"https:\/\/hdindutronik.com\/wp-content\/uploads\/2025\/10\/pexels-pixabay-163073.jpg","datePublished":"2025-10-25T16:42:45+00:00","dateModified":"2025-10-27T09:33:00+00:00","description":"Popravka i odr\u017eavanje automatike Stara Pazova, Obezbe\u0111ujemo dijagnostiku, servis i zamenu komponenti za sve vrste automatizovanih sistema...","breadcrumb":{"@id":"https:\/\/hdindutronik.com\/popravka-i-odrzavanje-automatike\/#breadcrumb"},"inLanguage":"en-US","potentialAction":[{"@type":"ReadAction","target":["https:\/\/hdindutronik.com\/popravka-i-odrzavanje-automatike\/"]}]},{"@type":"ImageObject","inLanguage":"en-US","@id":"https:\/\/hdindutronik.com\/popravka-i-odrzavanje-automatike\/#primaryimage","url":"https:\/\/hdindutronik.com\/wp-content\/uploads\/2025\/10\/pexels-pixabay-163073.jpg","contentUrl":"https:\/\/hdindutronik.com\/wp-content\/uploads\/2025\/10\/pexels-pixabay-163073.jpg","width":1920,"height":1275,"caption":"Popravka i odr\u017eavanje automatike"},{"@type":"BreadcrumbList","@id":"https:\/\/hdindutronik.com\/popravka-i-odrzavanje-automatike\/#breadcrumb","itemListElement":[{"@type":"ListItem","position":1,"name":"Home","item":"https:\/\/hdindutronik.com\/"},{"@type":"ListItem","position":2,"name":"Kontakt"}]},{"@type":"WebSite","@id":"https:\/\/hdindutronik.com\/#website","url":"https:\/\/hdindutronik.com\/","name":"HD INDUTRONIK","description":"","potentialAction":[{"@type":"SearchAction","target":{"@type":"EntryPoint","urlTemplate":"https:\/\/hdindutronik.com\/?s={search_term_string}"},"query-input":{"@type":"PropertyValueSpecification","valueRequired":true,"valueName":"search_term_string"}}],"inLanguage":"en-US"}]}},"_links":{"self":[{"href":"https:\/\/hdindutronik.com\/eng\/wp-json\/wp\/v2\/pages\/372","targetHints":{"allow":["GET"]}}],"collection":[{"href":"https:\/\/hdindutronik.com\/eng\/wp-json\/wp\/v2\/pages"}],"about":[{"href":"https:\/\/hdindutronik.com\/eng\/wp-json\/wp\/v2\/types\/page"}],"author":[{"embeddable":true,"href":"https:\/\/hdindutronik.com\/eng\/wp-json\/wp\/v2\/users\/1"}],"replies":[{"embeddable":true,"href":"https:\/\/hdindutronik.com\/eng\/wp-json\/wp\/v2\/comments?post=372"}],"version-history":[{"count":13,"href":"https:\/\/hdindutronik.com\/eng\/wp-json\/wp\/v2\/pages\/372\/revisions"}],"predecessor-version":[{"id":489,"href":"https:\/\/hdindutronik.com\/eng\/wp-json\/wp\/v2\/pages\/372\/revisions\/489"}],"wp:featuredmedia":[{"embeddable":true,"href":"https:\/\/hdindutronik.com\/eng\/wp-json\/wp\/v2\/media\/389"}],"wp:attachment":[{"href":"https:\/\/hdindutronik.com\/eng\/wp-json\/wp\/v2\/media?parent=372"}],"curies":[{"name":"wp","href":"https:\/\/api.w.org\/{rel}","templated":true}]}}